{"id":1635,"date":"2026-03-19T13:47:40","date_gmt":"2026-03-19T16:47:40","guid":{"rendered":"https:\/\/sites.ufca.edu.br\/agenciacariri\/?page_id=1635"},"modified":"2026-03-19T13:47:40","modified_gmt":"2026-03-19T16:47:40","slug":"vii-semana-do-jornalismo-que-temos-para-o-jornalismo-que-queremos","status":"publish","type":"page","link":"https:\/\/sites.ufca.edu.br\/agenciacariri\/vii-semana-do-jornalismo-que-temos-para-o-jornalismo-que-queremos\/","title":{"rendered":"VII Semana &#8211; Do Jornalismo que temos para o Jornalismo que queremos"},"content":{"rendered":"\n<p>A VII Semana de Jornalismo do Cariri reuniu alunos, professores e interessados da comunidade acad\u00eamica interna e externa, para discutir quest\u00f5es importantes acerca do futuro da profiss\u00e3o jornal\u00edstica, com o tema &#8220;Do Jornalismo que temos para o Jornalismo que queremos&#8221;. Realizado durante os dias 2 a 6 de outubro de 2023, de forma presencial no campus Juazeiro do Norte da Universidade Federal do Cariri (UFCA), o evento contou com convidados especiais, al\u00e9m de diversas oficinas e minicursos com certifica\u00e7\u00e3o de horas para os participantes. <\/p>\n\n\n\n<p>A mesa redonda \u201cOutro jornalismo \u00e9 preciso: desafios que se imp\u00f5em \u00e0 profiss\u00e3o\u201d, abriu o primeiro dia de evento, com a presen\u00e7a do professor e presidente da Associa\u00e7\u00e3o Brasileira de Pesquisadores em Jornalismo (SBPJor), Samuel Pantoja, da Universidade Federal de Santa Catarina. Outra convidada ilustre foi a In\u00eas Aparecida, uma das principais vozes do podcast &#8220;As Cunh\u00e3s&#8221;, que, desde 2020, aborda assuntos pol\u00edticos do Cear\u00e1 e do Brasil. In\u00eas debateu sobre o tema \u201cJornalismo sempre presente: (re)inventar a profiss\u00e3o\u201d, durante o quarto dia de evento.\u00a0<\/p>\n\n\n\n<p>Uma das noites mais esperadas do evento, o \u201cEncontro com egressos\u201d, contou com a presen\u00e7a de ex-alunos do curso de jornalismo da UFCA, para debaterem o tema \u201cE depois da UFCA? O mercado de comunica\u00e7\u00e3o do Jornalismo no Cear\u00e1\u201d. A programa\u00e7\u00e3o da s\u00e9tima edi\u00e7\u00e3o da Semana de Jornalismo do Cariri tamb\u00e9m ofereceu v\u00e1rias oficinas e minicursos ministrados por estudantes, egressos e professores do curso, realizadas nos per\u00edodos da tarde e da noite, nos formatos presencial e remoto.&nbsp;<\/p>\n\n\n\n<p><strong>Programa\u00e7\u00e3o\u00a0<\/strong><\/p>\n\n\n\n<p><strong>02\/10 &#8211; Segunda-feira<\/strong><\/p>\n\n\n\n<p>19h &#8211; Abertura do Evento<\/p>\n\n\n\n<p>Local: Audit\u00f3rio principal da UFCA &#8211; Beata Maria de Ara\u00fajo<\/p>\n\n\n\n<p>Tema: Outro jornalismo \u00e9 preciso: desafios que se imp\u00f5em \u00e0 profiss\u00e3o<\/p>\n\n\n\n<p>Palestrante: Samuel Pantoja, presidente da SBPJOR<\/p>\n\n\n\n<p><strong>03\/10 &#8211; Ter\u00e7a-feira<\/strong><\/p>\n\n\n\n<p>14h \u00e0s 16h e das 18h \u00e0s 22h<\/p>\n\n\n\n<p>Oficinas e Minicursos<\/p>\n\n\n\n<p><strong>04\/10 &#8211; Quarta-feira<\/strong><\/p>\n\n\n\n<p>14h \u00e0s 16h &#8211; Oficinas e Minicursos<\/p>\n\n\n\n<p>19h &#8211; Encontro com Egressos<\/p>\n\n\n\n<p>Local: Audit\u00f3rio principal da UFCA &#8211; Beata Maria de Ara\u00fajo<\/p>\n\n\n\n<p>Tema: E depois da UFCA? O mercado de comunica\u00e7\u00e3o do Jornalismo no Cear\u00e1<\/p>\n\n\n\n<p><strong>05\/10 &#8211; Quinta-feira<\/strong><\/p>\n\n\n\n<p>14h \u00e0s 16h &#8211; Oficinas e Minicursos<\/p>\n\n\n\n<p>19h &#8211; Palestra com a Jornalista In\u00eas Aparecida (&#8220;As Cunh\u00e3s&#8221;)&nbsp;<\/p>\n\n\n\n<p>Local: Audit\u00f3rio principal da UFCA &#8211; Beata Maria de Ara\u00fajo<\/p>\n\n\n\n<p>Tema: Jornalismo sempre presente: (re)inventar a profiss\u00e3o<\/p>\n\n\n\n<p><strong>06\/10 &#8211; Sexta-feira<\/strong><\/p>\n\n\n\n<p>16h &#8211; Lan\u00e7amento das produ\u00e7\u00f5es de &#8220;Oficina de texto&#8221;<\/p>\n\n\n\n<p>19h &#8211; Festa de encerramento<\/p>\n\n\n\n<p>Apresenta\u00e7\u00e3o musical da cantora Carla Ribeiro<\/p>\n\n\n\n<p class=\"has-text-align-right\"><em>B\u00e1rbara \u00cdvina \/ Ag\u00eancia Cariri<\/em><\/p>\n\n\n\n<p> <\/p>\n","protected":false},"excerpt":{"rendered":"<p>A VII Semana de Jornalismo do Cariri reuniu alunos, professores e interessados da comunidade acad\u00eamica interna e externa, para discutir quest\u00f5es importantes acerca do futuro da profiss\u00e3o jornal\u00edstica, com o tema &#8220;Do Jornalismo que temos para o Jornalismo que queremos&#8221;&#8230;. <a class=\"more-link\" href=\"https:\/\/sites.ufca.edu.br\/agenciacariri\/vii-semana-do-jornalismo-que-temos-para-o-jornalismo-que-queremos\/\">Continue Reading &rarr;<\/a><\/p>\n","protected":false},"author":209,"featured_media":1636,"parent":0,"menu_order":0,"comment_status":"closed","ping_status":"closed","template":"","meta":[],"_links":{"self":[{"href":"https:\/\/sites.ufca.edu.br\/agenciacariri\/wp-json\/wp\/v2\/pages\/1635"}],"collection":[{"href":"https:\/\/sites.ufca.edu.br\/agenciacariri\/wp-json\/wp\/v2\/pages"}],"about":[{"href":"https:\/\/sites.ufca.edu.br\/agenciacariri\/wp-json\/wp\/v2\/types\/page"}],"author":[{"embeddable":true,"href":"https:\/\/sites.ufca.edu.br\/agenciacariri\/wp-json\/wp\/v2\/users\/209"}],"replies":[{"embeddable":true,"href":"https:\/\/sites.ufca.edu.br\/agenciacariri\/wp-json\/wp\/v2\/comments?post=1635"}],"version-history":[{"count":1,"href":"https:\/\/sites.ufca.edu.br\/agenciacariri\/wp-json\/wp\/v2\/pages\/1635\/revisions"}],"predecessor-version":[{"id":1637,"href":"https:\/\/sites.ufca.edu.br\/agenciacariri\/wp-json\/wp\/v2\/pages\/1635\/revisions\/1637"}],"wp:featuredmedia":[{"embeddable":true,"href":"https:\/\/sites.ufca.edu.br\/agenciacariri\/wp-json\/wp\/v2\/media\/1636"}],"wp:attachment":[{"href":"https:\/\/sites.ufca.edu.br\/agenciacariri\/wp-json\/wp\/v2\/media?parent=1635"}],"curies":[{"name":"wp","href":"https:\/\/api.w.org\/{rel}","templated":true}]}}