{"id":1081,"date":"2024-02-14T20:25:18","date_gmt":"2024-02-14T23:25:18","guid":{"rendered":"https:\/\/sites.ufca.edu.br\/agrotempo\/?page_id=1081"},"modified":"2024-02-18T09:35:55","modified_gmt":"2024-02-18T12:35:55","slug":"curiosidades","status":"publish","type":"page","link":"https:\/\/sites.ufca.edu.br\/agrotempo\/curiosidades\/","title":{"rendered":"CURIOSIDADES"},"content":{"rendered":"\n<p>Climatologia de acordo com a Esta\u00e7\u00e3o Autom\u00e1tica do CCAB, Crato-CE<\/p>\n\n\n\n<p>Os dados apresentados representam o comportamento da temperatura do ar, da chuva, da umidade do ar e da velocidade do vento ao longo do ano. As m\u00e9dias climatol\u00f3gicas s\u00e3o valores calculados a partir de um s\u00e9rie de dados que se iniciou em 2020, observados a partir da Esta\u00e7\u00e3o Meteorol\u00f3gica do CCAB\/UFCA. \u00c9 poss\u00edvel identificar as \u00e9pocas com temperaturas mais quentes\/frias, mais chuvosas\/secas, com maior\/menor umidade do ar, ventos com maiores\/menores velocidades da regi\u00e3o do Crato.<\/p>\n\n\n\n<p>TEMPERATURA &#8211;  M\u00e9dia mensal da temperatura, temperatura m\u00e1xima, temperatura m\u00ednima (em graus Celsius \u00b0C), dos dados registrados na esta\u00e7\u00e3o meteorol\u00f3gica do CCAB\/UFCA, no per\u00edodo de 2020 a 2024.<\/p>\n\n\n\n<figure class=\"wp-block-image size-large\"><img loading=\"lazy\" width=\"1024\" height=\"638\" src=\"https:\/\/sites.ufca.edu.br\/agrotempo\/wp-content\/uploads\/sites\/169\/2024\/02\/image-7-1024x638.png\" alt=\"\" class=\"wp-image-1124\" srcset=\"https:\/\/sites.ufca.edu.br\/agrotempo\/wp-content\/uploads\/sites\/169\/2024\/02\/image-7-1024x638.png 1024w, https:\/\/sites.ufca.edu.br\/agrotempo\/wp-content\/uploads\/sites\/169\/2024\/02\/image-7-300x187.png 300w, https:\/\/sites.ufca.edu.br\/agrotempo\/wp-content\/uploads\/sites\/169\/2024\/02\/image-7-768x479.png 768w, https:\/\/sites.ufca.edu.br\/agrotempo\/wp-content\/uploads\/sites\/169\/2024\/02\/image-7-1536x957.png 1536w, https:\/\/sites.ufca.edu.br\/agrotempo\/wp-content\/uploads\/sites\/169\/2024\/02\/image-7-945x589.png 945w, https:\/\/sites.ufca.edu.br\/agrotempo\/wp-content\/uploads\/sites\/169\/2024\/02\/image-7-600x374.png 600w, https:\/\/sites.ufca.edu.br\/agrotempo\/wp-content\/uploads\/sites\/169\/2024\/02\/image-7.png 1582w\" sizes=\"(max-width: 1024px) 100vw, 1024px\" \/><\/figure>\n\n\n\n<p>PRECIPITA\u00c7\u00c3O &#8211; M\u00e9dia mensal da precipita\u00e7\u00e3o (em mil\u00edmetros), dos dados registrados na esta\u00e7\u00e3o meteorol\u00f3gica do CCAB\/UFCA, no per\u00edodo de 2020  a 2024.<\/p>\n\n\n\n<figure class=\"wp-block-image size-large\"><img loading=\"lazy\" width=\"1024\" height=\"638\" src=\"https:\/\/sites.ufca.edu.br\/agrotempo\/wp-content\/uploads\/sites\/169\/2024\/02\/image-8-1024x638.png\" alt=\"\" class=\"wp-image-1125\" srcset=\"https:\/\/sites.ufca.edu.br\/agrotempo\/wp-content\/uploads\/sites\/169\/2024\/02\/image-8-1024x638.png 1024w, https:\/\/sites.ufca.edu.br\/agrotempo\/wp-content\/uploads\/sites\/169\/2024\/02\/image-8-300x187.png 300w, https:\/\/sites.ufca.edu.br\/agrotempo\/wp-content\/uploads\/sites\/169\/2024\/02\/image-8-768x479.png 768w, https:\/\/sites.ufca.edu.br\/agrotempo\/wp-content\/uploads\/sites\/169\/2024\/02\/image-8-1536x957.png 1536w, https:\/\/sites.ufca.edu.br\/agrotempo\/wp-content\/uploads\/sites\/169\/2024\/02\/image-8-945x589.png 945w, https:\/\/sites.ufca.edu.br\/agrotempo\/wp-content\/uploads\/sites\/169\/2024\/02\/image-8-600x374.png 600w, https:\/\/sites.ufca.edu.br\/agrotempo\/wp-content\/uploads\/sites\/169\/2024\/02\/image-8.png 1582w\" sizes=\"(max-width: 1024px) 100vw, 1024px\" \/><\/figure>\n\n\n\n<p>UMIDADE RELATIVA DO AR  &#8211; M\u00e9dia mensal da Umidade do ar, valor m\u00e1ximos e m\u00ednimo (%), dos dados registrados na esta\u00e7\u00e3o meteorol\u00f3gica do CCAB\/UFCA, no per\u00edodo de 2020 a 2024.<\/p>\n\n\n\n<figure class=\"wp-block-image size-large\"><img loading=\"lazy\" width=\"1024\" height=\"638\" src=\"https:\/\/sites.ufca.edu.br\/agrotempo\/wp-content\/uploads\/sites\/169\/2024\/02\/image-9-1024x638.png\" alt=\"\" class=\"wp-image-1126\" srcset=\"https:\/\/sites.ufca.edu.br\/agrotempo\/wp-content\/uploads\/sites\/169\/2024\/02\/image-9-1024x638.png 1024w, https:\/\/sites.ufca.edu.br\/agrotempo\/wp-content\/uploads\/sites\/169\/2024\/02\/image-9-300x187.png 300w, https:\/\/sites.ufca.edu.br\/agrotempo\/wp-content\/uploads\/sites\/169\/2024\/02\/image-9-768x479.png 768w, https:\/\/sites.ufca.edu.br\/agrotempo\/wp-content\/uploads\/sites\/169\/2024\/02\/image-9-1536x957.png 1536w, https:\/\/sites.ufca.edu.br\/agrotempo\/wp-content\/uploads\/sites\/169\/2024\/02\/image-9-945x589.png 945w, https:\/\/sites.ufca.edu.br\/agrotempo\/wp-content\/uploads\/sites\/169\/2024\/02\/image-9-600x374.png 600w, https:\/\/sites.ufca.edu.br\/agrotempo\/wp-content\/uploads\/sites\/169\/2024\/02\/image-9.png 1582w\" sizes=\"(max-width: 1024px) 100vw, 1024px\" \/><\/figure>\n\n\n\n<p>VELOCIDADE DO VENTO &#8211; M\u00e9dia mensal da velocidade do vento (m\/s), dos dados registrados na esta\u00e7\u00e3o meteorol\u00f3gica do CCAB\/UFCA, no per\u00edodo de 2020 a 2024.<\/p>\n\n\n\n<figure class=\"wp-block-image size-large\"><img loading=\"lazy\" width=\"1024\" height=\"638\" src=\"https:\/\/sites.ufca.edu.br\/agrotempo\/wp-content\/uploads\/sites\/169\/2024\/02\/image-10-1024x638.png\" alt=\"\" class=\"wp-image-1127\" srcset=\"https:\/\/sites.ufca.edu.br\/agrotempo\/wp-content\/uploads\/sites\/169\/2024\/02\/image-10-1024x638.png 1024w, https:\/\/sites.ufca.edu.br\/agrotempo\/wp-content\/uploads\/sites\/169\/2024\/02\/image-10-300x187.png 300w, https:\/\/sites.ufca.edu.br\/agrotempo\/wp-content\/uploads\/sites\/169\/2024\/02\/image-10-768x479.png 768w, https:\/\/sites.ufca.edu.br\/agrotempo\/wp-content\/uploads\/sites\/169\/2024\/02\/image-10-1536x957.png 1536w, https:\/\/sites.ufca.edu.br\/agrotempo\/wp-content\/uploads\/sites\/169\/2024\/02\/image-10-945x589.png 945w, https:\/\/sites.ufca.edu.br\/agrotempo\/wp-content\/uploads\/sites\/169\/2024\/02\/image-10-600x374.png 600w, https:\/\/sites.ufca.edu.br\/agrotempo\/wp-content\/uploads\/sites\/169\/2024\/02\/image-10.png 1582w\" sizes=\"(max-width: 1024px) 100vw, 1024px\" \/><\/figure>\n","protected":false},"excerpt":{"rendered":"<p>Climatologia de acordo com a Esta\u00e7\u00e3o Autom\u00e1tica do CCAB, Crato-CE Os dados apresentados representam o comportamento da temperatura do ar, da chuva, da umidade do ar e da velocidade do vento ao longo do ano. As m\u00e9dias climatol\u00f3gicas s\u00e3o valores&#8230; <a class=\"more-link\" href=\"https:\/\/sites.ufca.edu.br\/agrotempo\/curiosidades\/\">Continue Reading &rarr;<\/a><\/p>\n","protected":false},"author":206,"featured_media":0,"parent":0,"menu_order":0,"comment_status":"closed","ping_status":"closed","template":"","meta":[],"_links":{"self":[{"href":"https:\/\/sites.ufca.edu.br\/agrotempo\/wp-json\/wp\/v2\/pages\/1081"}],"collection":[{"href":"https:\/\/sites.ufca.edu.br\/agrotempo\/wp-json\/wp\/v2\/pages"}],"about":[{"href":"https:\/\/sites.ufca.edu.br\/agrotempo\/wp-json\/wp\/v2\/types\/page"}],"author":[{"embeddable":true,"href":"https:\/\/sites.ufca.edu.br\/agrotempo\/wp-json\/wp\/v2\/users\/206"}],"replies":[{"embeddable":true,"href":"https:\/\/sites.ufca.edu.br\/agrotempo\/wp-json\/wp\/v2\/comments?post=1081"}],"version-history":[{"count":3,"href":"https:\/\/sites.ufca.edu.br\/agrotempo\/wp-json\/wp\/v2\/pages\/1081\/revisions"}],"predecessor-version":[{"id":1129,"href":"https:\/\/sites.ufca.edu.br\/agrotempo\/wp-json\/wp\/v2\/pages\/1081\/revisions\/1129"}],"wp:attachment":[{"href":"https:\/\/sites.ufca.edu.br\/agrotempo\/wp-json\/wp\/v2\/media?parent=1081"}],"curies":[{"name":"wp","href":"https:\/\/api.w.org\/{rel}","templated":true}]}}

<p>Climatologia de acordo com a Estação Automática do CCAB, Crato-CE</p>



<p>Os dados apresentados representam o comportamento da temperatura do ar, da chuva, da umidade do ar e da velocidade do vento ao longo do ano. As médias climatológicas são valores calculados a partir de um série de dados que se iniciou em 2020, observados a partir da Estação Meteorológica do CCAB/UFCA. É possível identificar as épocas com temperaturas mais quentes/frias, mais chuvosas/secas, com maior/menor umidade do ar, ventos com maiores/menores velocidades da região do Crato.</p>



<p>TEMPERATURA &#8211;  Média mensal da temperatura, temperatura máxima, temperatura mínima (em graus Celsius °C), dos dados registrados na estação meteorológica do CCAB/UFCA, no período de 2020 a 2024.</p>



<figure class="wp-block-image size-large"><img loading="lazy" width="1024" height="638" src="https://sites.ufca.edu.br/agrotempo/wp-content/uploads/sites/169/2024/02/image-7-1024x638.png" alt="" class="wp-image-1124" srcset="https://sites.ufca.edu.br/agrotempo/wp-content/uploads/sites/169/2024/02/image-7-1024x638.png 1024w, https://sites.ufca.edu.br/agrotempo/wp-content/uploads/sites/169/2024/02/image-7-300x187.png 300w, https://sites.ufca.edu.br/agrotempo/wp-content/uploads/sites/169/2024/02/image-7-768x479.png 768w, https://sites.ufca.edu.br/agrotempo/wp-content/uploads/sites/169/2024/02/image-7-1536x957.png 1536w, https://sites.ufca.edu.br/agrotempo/wp-content/uploads/sites/169/2024/02/image-7-945x589.png 945w, https://sites.ufca.edu.br/agrotempo/wp-content/uploads/sites/169/2024/02/image-7-600x374.png 600w, https://sites.ufca.edu.br/agrotempo/wp-content/uploads/sites/169/2024/02/image-7.png 1582w" sizes="(max-width: 1024px) 100vw, 1024px" /></figure>



<p>PRECIPITAÇÃO &#8211; Média mensal da precipitação (em milímetros), dos dados registrados na estação meteorológica do CCAB/UFCA, no período de 2020  a 2024.</p>



<figure class="wp-block-image size-large"><img loading="lazy" width="1024" height="638" src="https://sites.ufca.edu.br/agrotempo/wp-content/uploads/sites/169/2024/02/image-8-1024x638.png" alt="" class="wp-image-1125" srcset="https://sites.ufca.edu.br/agrotempo/wp-content/uploads/sites/169/2024/02/image-8-1024x638.png 1024w, https://sites.ufca.edu.br/agrotempo/wp-content/uploads/sites/169/2024/02/image-8-300x187.png 300w, https://sites.ufca.edu.br/agrotempo/wp-content/uploads/sites/169/2024/02/image-8-768x479.png 768w, https://sites.ufca.edu.br/agrotempo/wp-content/uploads/sites/169/2024/02/image-8-1536x957.png 1536w, https://sites.ufca.edu.br/agrotempo/wp-content/uploads/sites/169/2024/02/image-8-945x589.png 945w, https://sites.ufca.edu.br/agrotempo/wp-content/uploads/sites/169/2024/02/image-8-600x374.png 600w, https://sites.ufca.edu.br/agrotempo/wp-content/uploads/sites/169/2024/02/image-8.png 1582w" sizes="(max-width: 1024px) 100vw, 1024px" /></figure>



<p>UMIDADE RELATIVA DO AR  &#8211; Média mensal da Umidade do ar, valor máximos e mínimo (%), dos dados registrados na estação meteorológica do CCAB/UFCA, no período de 2020 a 2024.</p>



<figure class="wp-block-image size-large"><img loading="lazy" width="1024" height="638" src="https://sites.ufca.edu.br/agrotempo/wp-content/uploads/sites/169/2024/02/image-9-1024x638.png" alt="" class="wp-image-1126" srcset="https://sites.ufca.edu.br/agrotempo/wp-content/uploads/sites/169/2024/02/image-9-1024x638.png 1024w, https://sites.ufca.edu.br/agrotempo/wp-content/uploads/sites/169/2024/02/image-9-300x187.png 300w, https://sites.ufca.edu.br/agrotempo/wp-content/uploads/sites/169/2024/02/image-9-768x479.png 768w, https://sites.ufca.edu.br/agrotempo/wp-content/uploads/sites/169/2024/02/image-9-1536x957.png 1536w, https://sites.ufca.edu.br/agrotempo/wp-content/uploads/sites/169/2024/02/image-9-945x589.png 945w, https://sites.ufca.edu.br/agrotempo/wp-content/uploads/sites/169/2024/02/image-9-600x374.png 600w, https://sites.ufca.edu.br/agrotempo/wp-content/uploads/sites/169/2024/02/image-9.png 1582w" sizes="(max-width: 1024px) 100vw, 1024px" /></figure>



<p>VELOCIDADE DO VENTO &#8211; Média mensal da velocidade do vento (m/s), dos dados registrados na estação meteorológica do CCAB/UFCA, no período de 2020 a 2024.</p>



<figure class="wp-block-image size-large"><img loading="lazy" width="1024" height="638" src="https://sites.ufca.edu.br/agrotempo/wp-content/uploads/sites/169/2024/02/image-10-1024x638.png" alt="" class="wp-image-1127" srcset="https://sites.ufca.edu.br/agrotempo/wp-content/uploads/sites/169/2024/02/image-10-1024x638.png 1024w, https://sites.ufca.edu.br/agrotempo/wp-content/uploads/sites/169/2024/02/image-10-300x187.png 300w, https://sites.ufca.edu.br/agrotempo/wp-content/uploads/sites/169/2024/02/image-10-768x479.png 768w, https://sites.ufca.edu.br/agrotempo/wp-content/uploads/sites/169/2024/02/image-10-1536x957.png 1536w, https://sites.ufca.edu.br/agrotempo/wp-content/uploads/sites/169/2024/02/image-10-945x589.png 945w, https://sites.ufca.edu.br/agrotempo/wp-content/uploads/sites/169/2024/02/image-10-600x374.png 600w, https://sites.ufca.edu.br/agrotempo/wp-content/uploads/sites/169/2024/02/image-10.png 1582w" sizes="(max-width: 1024px) 100vw, 1024px" /></figure>

<p>Climatologia de acordo com a Estação Automática do CCAB, Crato-CE Os dados apresentados representam o comportamento da temperatura do ar, da chuva, da umidade do ar e da velocidade do vento ao longo do ano. As médias climatológicas são valores&#8230; <a class="more-link" href="https://sites.ufca.edu.br/agrotempo/curiosidades/">Continue Reading &rarr;</a></p>
