{"id":1091,"date":"2024-02-14T21:00:39","date_gmt":"2024-02-15T00:00:39","guid":{"rendered":"https:\/\/sites.ufca.edu.br\/agrotempo\/?page_id=1091"},"modified":"2025-01-04T08:14:10","modified_gmt":"2025-01-04T11:14:10","slug":"agrometeorologia-dos-cultivos","status":"publish","type":"page","link":"https:\/\/sites.ufca.edu.br\/agrotempo\/agrometeorologia-dos-cultivos\/","title":{"rendered":"Agrometeorologia dos Cultivos"},"content":{"rendered":"\n<p><a href=\"https:\/\/sites.ufca.edu.br\/agrotempo\/wp-content\/uploads\/sites\/169\/2024\/02\/Agrometeorolog_Temperatura_Marcos.pdf\">Como a Temperatura influencia o desenvolvimento das plantas<\/a>?<\/p>\n\n\n\n<p><a href=\"https:\/\/sites.ufca.edu.br\/agrotempo\/wp-content\/uploads\/sites\/169\/2024\/02\/Agrometeorologia-_Wilson.pdf\">Voc\u00ea sabe o que \u00e9 uma Esta\u00e7\u00e3o Meteorol\u00f3gica<\/a>?<\/p>\n\n\n\n<p><a href=\"https:\/\/sites.ufca.edu.br\/agrotempo\/wp-content\/uploads\/sites\/169\/2024\/04\/RadiacaoSolar_siriguela.pdf\">A influ\u00eancia da Radia\u00e7\u00e3o solar no desenvolvimento da Cultura da Siriguela<\/a><\/p>\n\n\n\n<p><a href=\"https:\/\/sites.ufca.edu.br\/agrotempo\/wp-content\/uploads\/sites\/169\/2024\/05\/VELOCIDADE-DO-VENTO-E-SUA-INFLUENCIA-NA-BANANICULTURA-1.pdf\">A velocidade do vento e sua influencia na bananicultura<\/a><\/p>\n\n\n\n<p><a href=\"https:\/\/sites.ufca.edu.br\/agrotempo\/wp-content\/uploads\/sites\/169\/2024\/11\/Maracujazeiro.pdf\" data-type=\"URL\" data-id=\"https:\/\/sites.ufca.edu.br\/agrotempo\/wp-content\/uploads\/sites\/169\/2024\/11\/Maracujazeiro.pdf\">O Maracujazeiro<\/a><\/p>\n\n\n\n<p><a href=\"https:\/\/sites.ufca.edu.br\/agrotempo\/wp-content\/uploads\/sites\/169\/2024\/11\/Agricultivo-Alface.pdf\" data-type=\"URL\" data-id=\"https:\/\/sites.ufca.edu.br\/agrotempo\/wp-content\/uploads\/sites\/169\/2024\/11\/Agricultivo-Alface.pdf\">A alface e o Clima<\/a><\/p>\n\n\n\n<p><a href=\"https:\/\/sites.ufca.edu.br\/agrotempo\/wp-content\/uploads\/sites\/169\/2024\/11\/Agricultivos-Cafe-Como-o-clima-interfere-no-sabor.pdf\" data-type=\"URL\" data-id=\"https:\/\/sites.ufca.edu.br\/agrotempo\/wp-content\/uploads\/sites\/169\/2024\/11\/Agricultivos-Cafe-Como-o-clima-interfere-no-sabor.pdf\">Influ\u00eancia do clima no sabor do caf\u00e9<\/a><\/p>\n\n\n\n<p><a href=\"https:\/\/sites.ufca.edu.br\/agrotempo\/wp-content\/uploads\/sites\/169\/2025\/01\/Agrocultivo-Melao.pdf\">Efeito da Distribui\u00e7\u00e3o da Radia\u00e7\u00e3o Solar no Mel\u00e3o<\/a><\/p>\n\n\n\n<p><a href=\"https:\/\/sites.ufca.edu.br\/agrotempo\/wp-content\/uploads\/sites\/169\/2025\/01\/Agrocultivo-manga.pdf\">O Cultivo da Manga e a Precipita\u00e7\u00e3o Pluviom\u00e9trica<\/a><\/p>\n","protected":false},"excerpt":{"rendered":"<p>Como a Temperatura influencia o desenvolvimento das plantas? Voc\u00ea sabe o que \u00e9 uma Esta\u00e7\u00e3o Meteorol\u00f3gica? A influ\u00eancia da Radia\u00e7\u00e3o solar no desenvolvimento da Cultura da Siriguela A velocidade do vento e sua influencia na bananicultura O Maracujazeiro A alface&#8230; <a class=\"more-link\" href=\"https:\/\/sites.ufca.edu.br\/agrotempo\/agrometeorologia-dos-cultivos\/\">Continue Reading &rarr;<\/a><\/p>\n","protected":false},"author":206,"featured_media":0,"parent":0,"menu_order":0,"comment_status":"closed","ping_status":"closed","template":"","meta":[],"_links":{"self":[{"href":"https:\/\/sites.ufca.edu.br\/agrotempo\/wp-json\/wp\/v2\/pages\/1091"}],"collection":[{"href":"https:\/\/sites.ufca.edu.br\/agrotempo\/wp-json\/wp\/v2\/pages"}],"about":[{"href":"https:\/\/sites.ufca.edu.br\/agrotempo\/wp-json\/wp\/v2\/types\/page"}],"author":[{"embeddable":true,"href":"https:\/\/sites.ufca.edu.br\/agrotempo\/wp-json\/wp\/v2\/users\/206"}],"replies":[{"embeddable":true,"href":"https:\/\/sites.ufca.edu.br\/agrotempo\/wp-json\/wp\/v2\/comments?post=1091"}],"version-history":[{"count":21,"href":"https:\/\/sites.ufca.edu.br\/agrotempo\/wp-json\/wp\/v2\/pages\/1091\/revisions"}],"predecessor-version":[{"id":1284,"href":"https:\/\/sites.ufca.edu.br\/agrotempo\/wp-json\/wp\/v2\/pages\/1091\/revisions\/1284"}],"wp:attachment":[{"href":"https:\/\/sites.ufca.edu.br\/agrotempo\/wp-json\/wp\/v2\/media?parent=1091"}],"curies":[{"name":"wp","href":"https:\/\/api.w.org\/{rel}","templated":true}]}}