{"id":303,"date":"2021-11-09T23:13:05","date_gmt":"2021-11-10T02:13:05","guid":{"rendered":"https:\/\/sites.ufca.edu.br\/agrotempo\/?page_id=303"},"modified":"2025-02-01T21:17:41","modified_gmt":"2025-02-02T00:17:41","slug":"dados-meteorologicos","status":"publish","type":"page","link":"https:\/\/sites.ufca.edu.br\/agrotempo\/dados-meteorologicos\/","title":{"rendered":"Dados Meteorol\u00f3gicos"},"content":{"rendered":"\n<p>Ol\u00e1! Aqui voc\u00ea encontra os dados meteorol\u00f3gicos disponibilizados pela esta\u00e7\u00e3o do CCAB\/UFCA.<\/p>\n\n\n\n<hr class=\"wp-block-separator\" \/>\n\n\n\n<div class=\"wp-container-1 wp-block-buttons\">\n<div class=\"wp-block-button\"><a class=\"wp-block-button__link\" href=\"https:\/\/sites.ufca.edu.br\/agrotempo\/dados-2020\/\" target=\"_blank\" rel=\"noreferrer noopener\">DADOS 2020<\/a><\/div>\n\n\n\n<div class=\"wp-block-button\"><a class=\"wp-block-button__link\" href=\"https:\/\/sites.ufca.edu.br\/agrotempo\/dados-2021\/\" target=\"_blank\" rel=\"noreferrer noopener\">DADOS 2021<\/a><\/div>\n\n\n\n<div class=\"wp-block-button\"><a class=\"wp-block-button__link\" href=\"https:\/\/sites.ufca.edu.br\/agrotempo\/dados-2022\/\">DADOS 2022<\/a><\/div>\n\n\n\n<div class=\"wp-block-button\"><a class=\"wp-block-button__link\" href=\"https:\/\/sites.ufca.edu.br\/agrotempo\/dados-2023\/\">DADOS 2023<\/a><\/div>\n\n\n\n<div class=\"wp-block-button\"><a class=\"wp-block-button__link\" href=\"https:\/\/sites.ufca.edu.br\/agrotempo\/dados-2024\/\">DADOS 2024<\/a><\/div>\n\n\n\n<div class=\"wp-block-button\"><a class=\"wp-block-button__link\" href=\"https:\/\/sites.ufca.edu.br\/agrotempo\/dados-2025\/\">DADOS 2025<\/a><\/div>\n<\/div>\n\n\n\n<hr class=\"wp-block-separator\" \/>\n\n\n\n<p>Deseja solicitar mais dados ou dados mais espec\u00edficos? <a href=\"https:\/\/sites.ufca.edu.br\/agrotempo\/contato\/\" data-type=\"URL\" data-id=\"https:\/\/sites.ufca.edu.br\/agrotempo\/contato\/\">Entre em contato conosco!<\/a><\/p>\n","protected":false},"excerpt":{"rendered":"<p>Ol\u00e1! Aqui voc\u00ea encontra os dados meteorol\u00f3gicos disponibilizados pela esta\u00e7\u00e3o do CCAB\/UFCA. Deseja solicitar mais dados ou dados mais espec\u00edficos? Entre em contato conosco!<\/p>\n","protected":false},"author":206,"featured_media":0,"parent":0,"menu_order":0,"comment_status":"closed","ping_status":"closed","template":"","meta":[],"_links":{"self":[{"href":"https:\/\/sites.ufca.edu.br\/agrotempo\/wp-json\/wp\/v2\/pages\/303"}],"collection":[{"href":"https:\/\/sites.ufca.edu.br\/agrotempo\/wp-json\/wp\/v2\/pages"}],"about":[{"href":"https:\/\/sites.ufca.edu.br\/agrotempo\/wp-json\/wp\/v2\/types\/page"}],"author":[{"embeddable":true,"href":"https:\/\/sites.ufca.edu.br\/agrotempo\/wp-json\/wp\/v2\/users\/206"}],"replies":[{"embeddable":true,"href":"https:\/\/sites.ufca.edu.br\/agrotempo\/wp-json\/wp\/v2\/comments?post=303"}],"version-history":[{"count":8,"href":"https:\/\/sites.ufca.edu.br\/agrotempo\/wp-json\/wp\/v2\/pages\/303\/revisions"}],"predecessor-version":[{"id":1302,"href":"https:\/\/sites.ufca.edu.br\/agrotempo\/wp-json\/wp\/v2\/pages\/303\/revisions\/1302"}],"wp:attachment":[{"href":"https:\/\/sites.ufca.edu.br\/agrotempo\/wp-json\/wp\/v2\/media?parent=303"}],"curies":[{"name":"wp","href":"https:\/\/api.w.org\/{rel}","templated":true}]}}

Dados Meteorológicos

<p>Olá! Aqui você encontra os dados meteorológicos disponibilizados pela estação do CCAB/UFCA.</p>



<hr class="wp-block-separator" />



<div class="wp-container-1 wp-block-buttons">
<div class="wp-block-button"><a class="wp-block-button__link" href="https://sites.ufca.edu.br/agrotempo/dados-2020/" target="_blank" rel="noreferrer noopener">DADOS 2020</a></div>



<div class="wp-block-button"><a class="wp-block-button__link" href="https://sites.ufca.edu.br/agrotempo/dados-2021/" target="_blank" rel="noreferrer noopener">DADOS 2021</a></div>



<div class="wp-block-button"><a class="wp-block-button__link" href="https://sites.ufca.edu.br/agrotempo/dados-2022/">DADOS 2022</a></div>



<div class="wp-block-button"><a class="wp-block-button__link" href="https://sites.ufca.edu.br/agrotempo/dados-2023/">DADOS 2023</a></div>



<div class="wp-block-button"><a class="wp-block-button__link" href="https://sites.ufca.edu.br/agrotempo/dados-2024/">DADOS 2024</a></div>



<div class="wp-block-button"><a class="wp-block-button__link" href="https://sites.ufca.edu.br/agrotempo/dados-2025/">DADOS 2025</a></div>
</div>



<hr class="wp-block-separator" />



<p>Deseja solicitar mais dados ou dados mais específicos? <a href="https://sites.ufca.edu.br/agrotempo/contato/" data-type="URL" data-id="https://sites.ufca.edu.br/agrotempo/contato/">Entre em contato conosco!</a></p>

<p>Olá! Aqui você encontra os dados meteorológicos disponibilizados pela estação do CCAB/UFCA. Deseja solicitar mais dados ou dados mais específicos? Entre em contato conosco!</p>
