{"id":304,"date":"2021-11-09T23:03:01","date_gmt":"2021-11-10T02:03:01","guid":{"rendered":"https:\/\/sites.ufca.edu.br\/agrotempo\/?page_id=304"},"modified":"2024-02-12T20:52:24","modified_gmt":"2024-02-12T23:52:24","slug":"dados-2020","status":"publish","type":"page","link":"https:\/\/sites.ufca.edu.br\/agrotempo\/dados-2020\/","title":{"rendered":"DADOS 2020"},"content":{"rendered":"\n<p>Ol\u00e1! Aqui voc\u00ea pode efetuar o download dos dados meteorol\u00f3gicos disponibilizados pela esta\u00e7\u00e3o CCAB\/UFCA correspondentes ao ano de 2020.<\/p>\n\n\n\n<hr class=\"wp-block-separator\" \/>\n\n\n\n<div class=\"wp-container-1 wp-block-buttons\">\n<div class=\"wp-block-button\"><a class=\"wp-block-button__link\" href=\"https:\/\/sites.ufca.edu.br\/agrotempo\/wp-content\/uploads\/sites\/169\/2024\/02\/SETEMBRO_2020.xlsx\">SETEMBRO<\/a><\/div>\n\n\n\n<div class=\"wp-block-button\"><a class=\"wp-block-button__link\" href=\"https:\/\/sites.ufca.edu.br\/agrotempo\/wp-content\/uploads\/sites\/169\/2024\/02\/OUTUBRO_2020.xlsx\">OUTUBRO<\/a><\/div>\n\n\n\n<div class=\"wp-block-button\"><a class=\"wp-block-button__link\" href=\"https:\/\/sites.ufca.edu.br\/agrotempo\/wp-content\/uploads\/sites\/169\/2024\/02\/NOVEMBRO_2020.xlsx\">NOVEMBRO<\/a><\/div>\n\n\n\n<div class=\"wp-block-button\"><a class=\"wp-block-button__link\" href=\"https:\/\/sites.ufca.edu.br\/agrotempo\/wp-content\/uploads\/sites\/169\/2024\/02\/DEZEMBRO_2020.xlsx\">DEZEMBRO<\/a><\/div>\n<\/div>\n","protected":false},"excerpt":{"rendered":"<p>Ol\u00e1! Aqui voc\u00ea pode efetuar o download dos dados meteorol\u00f3gicos disponibilizados pela esta\u00e7\u00e3o CCAB\/UFCA correspondentes ao ano de 2020.<\/p>\n","protected":false},"author":206,"featured_media":0,"parent":0,"menu_order":0,"comment_status":"closed","ping_status":"closed","template":"","meta":[],"_links":{"self":[{"href":"https:\/\/sites.ufca.edu.br\/agrotempo\/wp-json\/wp\/v2\/pages\/304"}],"collection":[{"href":"https:\/\/sites.ufca.edu.br\/agrotempo\/wp-json\/wp\/v2\/pages"}],"about":[{"href":"https:\/\/sites.ufca.edu.br\/agrotempo\/wp-json\/wp\/v2\/types\/page"}],"author":[{"embeddable":true,"href":"https:\/\/sites.ufca.edu.br\/agrotempo\/wp-json\/wp\/v2\/users\/206"}],"replies":[{"embeddable":true,"href":"https:\/\/sites.ufca.edu.br\/agrotempo\/wp-json\/wp\/v2\/comments?post=304"}],"version-history":[{"count":7,"href":"https:\/\/sites.ufca.edu.br\/agrotempo\/wp-json\/wp\/v2\/pages\/304\/revisions"}],"predecessor-version":[{"id":1047,"href":"https:\/\/sites.ufca.edu.br\/agrotempo\/wp-json\/wp\/v2\/pages\/304\/revisions\/1047"}],"wp:attachment":[{"href":"https:\/\/sites.ufca.edu.br\/agrotempo\/wp-json\/wp\/v2\/media?parent=304"}],"curies":[{"name":"wp","href":"https:\/\/api.w.org\/{rel}","templated":true}]}}

<p>Olá! Aqui você pode efetuar o download dos dados meteorológicos disponibilizados pela estação CCAB/UFCA correspondentes ao ano de 2020.</p>



<hr class="wp-block-separator" />



<div class="wp-container-1 wp-block-buttons">
<div class="wp-block-button"><a class="wp-block-button__link" href="https://sites.ufca.edu.br/agrotempo/wp-content/uploads/sites/169/2024/02/SETEMBRO_2020.xlsx">SETEMBRO</a></div>



<div class="wp-block-button"><a class="wp-block-button__link" href="https://sites.ufca.edu.br/agrotempo/wp-content/uploads/sites/169/2024/02/OUTUBRO_2020.xlsx">OUTUBRO</a></div>



<div class="wp-block-button"><a class="wp-block-button__link" href="https://sites.ufca.edu.br/agrotempo/wp-content/uploads/sites/169/2024/02/NOVEMBRO_2020.xlsx">NOVEMBRO</a></div>



<div class="wp-block-button"><a class="wp-block-button__link" href="https://sites.ufca.edu.br/agrotempo/wp-content/uploads/sites/169/2024/02/DEZEMBRO_2020.xlsx">DEZEMBRO</a></div>
</div>

<p>Olá! Aqui você pode efetuar o download dos dados meteorológicos disponibilizados pela estação CCAB/UFCA correspondentes ao ano de 2020.</p>
