{"id":38,"date":"2021-06-19T12:07:54","date_gmt":"2021-06-19T15:07:54","guid":{"rendered":"https:\/\/sites.ufca.edu.br\/agrotempo\/?page_id=38"},"modified":"2024-02-18T07:17:58","modified_gmt":"2024-02-18T10:17:58","slug":"localizacao","status":"publish","type":"page","link":"https:\/\/sites.ufca.edu.br\/agrotempo\/localizacao\/","title":{"rendered":"Localiza\u00e7\u00e3o"},"content":{"rendered":"\n<p>Universidade Federal do Cariri &#8211; UFCA<\/p>\n\n\n\n<p>Centro de Ci\u00eancias Agr\u00e1rias e da Biodiversidade &#8211; CCAB<\/p>\n\n\n\n<p>R. Icaro de Sousa Moreira, 126 &#8211; Muriti, Crato &#8211; CE<\/p>\n\n\n\n<p><strong>Coordenadas Geogr\u00e1fica da Esta\u00e7\u00e3o Meteorol\u00f3gica Autom\u00e1tica:<\/strong><\/p>\n\n\n\n<p> Latitude: 7\u00b014&#8217;04&#8221; Sul; Longitude: 39\u00b022&#8217;09&#8221; Oeste; Altitude: 423m<\/p>\n\n\n\n\n\n<figure class=\"wp-block-image size-large\"><img src=\"https:\/\/sites.ufca.edu.br\/agrotempo\/wp-content\/uploads\/sites\/169\/2024\/02\/CCAB_Estacao.jpg\" alt=\"\" \/><\/figure>\n","protected":false},"excerpt":{"rendered":"<p>Universidade Federal do Cariri &#8211; UFCA Centro de Ci\u00eancias Agr\u00e1rias e da Biodiversidade &#8211; CCAB R. Icaro de Sousa Moreira, 126 &#8211; Muriti, Crato &#8211; CE Coordenadas Geogr\u00e1fica da Esta\u00e7\u00e3o Meteorol\u00f3gica Autom\u00e1tica: Latitude: 7\u00b014&#8217;04&#8221; Sul; Longitude: 39\u00b022&#8217;09&#8221; Oeste; Altitude: 423m<\/p>\n","protected":false},"author":206,"featured_media":0,"parent":0,"menu_order":0,"comment_status":"closed","ping_status":"closed","template":"","meta":[],"_links":{"self":[{"href":"https:\/\/sites.ufca.edu.br\/agrotempo\/wp-json\/wp\/v2\/pages\/38"}],"collection":[{"href":"https:\/\/sites.ufca.edu.br\/agrotempo\/wp-json\/wp\/v2\/pages"}],"about":[{"href":"https:\/\/sites.ufca.edu.br\/agrotempo\/wp-json\/wp\/v2\/types\/page"}],"author":[{"embeddable":true,"href":"https:\/\/sites.ufca.edu.br\/agrotempo\/wp-json\/wp\/v2\/users\/206"}],"replies":[{"embeddable":true,"href":"https:\/\/sites.ufca.edu.br\/agrotempo\/wp-json\/wp\/v2\/comments?post=38"}],"version-history":[{"count":15,"href":"https:\/\/sites.ufca.edu.br\/agrotempo\/wp-json\/wp\/v2\/pages\/38\/revisions"}],"predecessor-version":[{"id":1114,"href":"https:\/\/sites.ufca.edu.br\/agrotempo\/wp-json\/wp\/v2\/pages\/38\/revisions\/1114"}],"wp:attachment":[{"href":"https:\/\/sites.ufca.edu.br\/agrotempo\/wp-json\/wp\/v2\/media?parent=38"}],"curies":[{"name":"wp","href":"https:\/\/api.w.org\/{rel}","templated":true}]}}