{"id":491,"date":"2022-01-25T16:19:47","date_gmt":"2022-01-25T19:19:47","guid":{"rendered":"https:\/\/sites.ufca.edu.br\/agrotempo\/?page_id=491"},"modified":"2024-02-12T18:13:34","modified_gmt":"2024-02-12T21:13:34","slug":"dados-2022","status":"publish","type":"page","link":"https:\/\/sites.ufca.edu.br\/agrotempo\/dados-2022\/","title":{"rendered":"DADOS 2022"},"content":{"rendered":"\n<p>Ol\u00e1! Aqui voc\u00ea pode efetuar o download dos dados meteorol\u00f3gicos disponibilizados pela esta\u00e7\u00e3o CCAB\/UFCA correspondentes ao ano de 2022.<\/p>\n\n\n\n<hr class=\"wp-block-separator\" \/>\n\n\n\n<div class=\"wp-container-1 wp-block-buttons\">\n<div class=\"wp-block-button\"><a class=\"wp-block-button__link\" href=\"https:\/\/sites.ufca.edu.br\/agrotempo\/wp-content\/uploads\/sites\/169\/2024\/02\/JANEIRO_2022.xlsx\">JANEIRO<\/a><\/div>\n\n\n\n<div class=\"wp-block-button\"><a class=\"wp-block-button__link\" href=\"https:\/\/sites.ufca.edu.br\/agrotempo\/wp-content\/uploads\/sites\/169\/2024\/02\/FEVEREIRO_2022.xlsx\">FEVEREIRO<\/a><\/div>\n\n\n\n<div class=\"wp-block-button\"><a class=\"wp-block-button__link\" href=\"https:\/\/sites.ufca.edu.br\/agrotempo\/wp-content\/uploads\/sites\/169\/2024\/02\/MARCO_2022.xlsx\">MAR\u00c7O<\/a><\/div>\n\n\n\n<div class=\"wp-block-button\"><a class=\"wp-block-button__link\" href=\"https:\/\/sites.ufca.edu.br\/agrotempo\/wp-content\/uploads\/sites\/169\/2024\/02\/ABRIL_2022.xlsx\">ABRIL<\/a><\/div>\n\n\n\n<div class=\"wp-block-button\"><a class=\"wp-block-button__link\" href=\"https:\/\/sites.ufca.edu.br\/agrotempo\/wp-content\/uploads\/sites\/169\/2024\/02\/MAIO_2022.xlsx\">MAIO<\/a><\/div>\n\n\n\n<div class=\"wp-block-button\"><a class=\"wp-block-button__link\" href=\"https:\/\/sites.ufca.edu.br\/agrotempo\/wp-content\/uploads\/sites\/169\/2024\/02\/JUNHO_2022.xlsx\">JUNHO<\/a><\/div>\n\n\n\n<div class=\"wp-block-button\"><a class=\"wp-block-button__link\" href=\"https:\/\/sites.ufca.edu.br\/agrotempo\/wp-content\/uploads\/sites\/169\/2024\/02\/JULHO_2022.xlsx\">JULHO<\/a><\/div>\n\n\n\n<div class=\"wp-block-button\"><a class=\"wp-block-button__link\" href=\"https:\/\/sites.ufca.edu.br\/agrotempo\/wp-content\/uploads\/sites\/169\/2024\/02\/AGOSTO_2022.xlsx\">AGOSTO<\/a><\/div>\n\n\n\n<div class=\"wp-block-button\"><a class=\"wp-block-button__link\" href=\"https:\/\/sites.ufca.edu.br\/agrotempo\/wp-content\/uploads\/sites\/169\/2024\/02\/SETEMBRO_2022.xlsx\">SETEMBRO<\/a><\/div>\n\n\n\n<div class=\"wp-block-button\"><a class=\"wp-block-button__link\" href=\"https:\/\/sites.ufca.edu.br\/agrotempo\/wp-content\/uploads\/sites\/169\/2024\/02\/OUTUBRO_2022.xlsx\">OUTUBRO<\/a><\/div>\n\n\n\n<div class=\"wp-block-button\"><a class=\"wp-block-button__link\" href=\"https:\/\/sites.ufca.edu.br\/agrotempo\/wp-content\/uploads\/sites\/169\/2024\/02\/NOVEMBRO_2022.xlsx\">NOVEMBRO<\/a><\/div>\n\n\n\n<div class=\"wp-block-button\"><a class=\"wp-block-button__link\" href=\"https:\/\/sites.ufca.edu.br\/agrotempo\/wp-content\/uploads\/sites\/169\/2024\/02\/DEZEMBRO_2022.xlsx\">DEZEMBRO<\/a><\/div>\n<\/div>\n","protected":false},"excerpt":{"rendered":"<p>Ol\u00e1! Aqui voc\u00ea pode efetuar o download dos dados meteorol\u00f3gicos disponibilizados pela esta\u00e7\u00e3o CCAB\/UFCA correspondentes ao ano de 2022.<\/p>\n","protected":false},"author":206,"featured_media":0,"parent":0,"menu_order":0,"comment_status":"closed","ping_status":"closed","template":"","meta":[],"_links":{"self":[{"href":"https:\/\/sites.ufca.edu.br\/agrotempo\/wp-json\/wp\/v2\/pages\/491"}],"collection":[{"href":"https:\/\/sites.ufca.edu.br\/agrotempo\/wp-json\/wp\/v2\/pages"}],"about":[{"href":"https:\/\/sites.ufca.edu.br\/agrotempo\/wp-json\/wp\/v2\/types\/page"}],"author":[{"embeddable":true,"href":"https:\/\/sites.ufca.edu.br\/agrotempo\/wp-json\/wp\/v2\/users\/206"}],"replies":[{"embeddable":true,"href":"https:\/\/sites.ufca.edu.br\/agrotempo\/wp-json\/wp\/v2\/comments?post=491"}],"version-history":[{"count":25,"href":"https:\/\/sites.ufca.edu.br\/agrotempo\/wp-json\/wp\/v2\/pages\/491\/revisions"}],"predecessor-version":[{"id":1014,"href":"https:\/\/sites.ufca.edu.br\/agrotempo\/wp-json\/wp\/v2\/pages\/491\/revisions\/1014"}],"wp:attachment":[{"href":"https:\/\/sites.ufca.edu.br\/agrotempo\/wp-json\/wp\/v2\/media?parent=491"}],"curies":[{"name":"wp","href":"https:\/\/api.w.org\/{rel}","templated":true}]}}

<p>Olá! Aqui você pode efetuar o download dos dados meteorológicos disponibilizados pela estação CCAB/UFCA correspondentes ao ano de 2022.</p>



<hr class="wp-block-separator" />



<div class="wp-container-1 wp-block-buttons">
<div class="wp-block-button"><a class="wp-block-button__link" href="https://sites.ufca.edu.br/agrotempo/wp-content/uploads/sites/169/2024/02/JANEIRO_2022.xlsx">JANEIRO</a></div>



<div class="wp-block-button"><a class="wp-block-button__link" href="https://sites.ufca.edu.br/agrotempo/wp-content/uploads/sites/169/2024/02/FEVEREIRO_2022.xlsx">FEVEREIRO</a></div>



<div class="wp-block-button"><a class="wp-block-button__link" href="https://sites.ufca.edu.br/agrotempo/wp-content/uploads/sites/169/2024/02/MARCO_2022.xlsx">MARÇO</a></div>



<div class="wp-block-button"><a class="wp-block-button__link" href="https://sites.ufca.edu.br/agrotempo/wp-content/uploads/sites/169/2024/02/ABRIL_2022.xlsx">ABRIL</a></div>



<div class="wp-block-button"><a class="wp-block-button__link" href="https://sites.ufca.edu.br/agrotempo/wp-content/uploads/sites/169/2024/02/MAIO_2022.xlsx">MAIO</a></div>



<div class="wp-block-button"><a class="wp-block-button__link" href="https://sites.ufca.edu.br/agrotempo/wp-content/uploads/sites/169/2024/02/JUNHO_2022.xlsx">JUNHO</a></div>



<div class="wp-block-button"><a class="wp-block-button__link" href="https://sites.ufca.edu.br/agrotempo/wp-content/uploads/sites/169/2024/02/JULHO_2022.xlsx">JULHO</a></div>



<div class="wp-block-button"><a class="wp-block-button__link" href="https://sites.ufca.edu.br/agrotempo/wp-content/uploads/sites/169/2024/02/AGOSTO_2022.xlsx">AGOSTO</a></div>



<div class="wp-block-button"><a class="wp-block-button__link" href="https://sites.ufca.edu.br/agrotempo/wp-content/uploads/sites/169/2024/02/SETEMBRO_2022.xlsx">SETEMBRO</a></div>



<div class="wp-block-button"><a class="wp-block-button__link" href="https://sites.ufca.edu.br/agrotempo/wp-content/uploads/sites/169/2024/02/OUTUBRO_2022.xlsx">OUTUBRO</a></div>



<div class="wp-block-button"><a class="wp-block-button__link" href="https://sites.ufca.edu.br/agrotempo/wp-content/uploads/sites/169/2024/02/NOVEMBRO_2022.xlsx">NOVEMBRO</a></div>



<div class="wp-block-button"><a class="wp-block-button__link" href="https://sites.ufca.edu.br/agrotempo/wp-content/uploads/sites/169/2024/02/DEZEMBRO_2022.xlsx">DEZEMBRO</a></div>
</div>

<p>Olá! Aqui você pode efetuar o download dos dados meteorológicos disponibilizados pela estação CCAB/UFCA correspondentes ao ano de 2022.</p>
