{"id":54,"date":"2021-06-19T12:07:27","date_gmt":"2021-06-19T15:07:27","guid":{"rendered":"https:\/\/sites.ufca.edu.br\/agrotempo\/?page_id=54"},"modified":"2026-01-28T14:28:50","modified_gmt":"2026-01-28T17:28:50","slug":"textos-tecnicos","status":"publish","type":"page","link":"https:\/\/sites.ufca.edu.br\/agrotempo\/textos-tecnicos\/","title":{"rendered":"Artigos Publicados"},"content":{"rendered":"\n<p>Valida\u00e7\u00e3o estat\u00edstica dos dados clim\u00e1ticos dispon\u00edveis na plataforma Climate-Data.Org para o Estado do Cear\u00e1  (<a href=\"http:\/\/www.journals.ufrpe.br\/index.php\/geama\/article\/view\/3583\/482484277\" data-type=\"URL\" data-id=\"http:\/\/www.journals.ufrpe.br\/index.php\/geama\/article\/view\/3583\/482484277\" target=\"_blank\" rel=\"noreferrer noopener\">Acesso<\/a>)<\/p>\n\n\n\n<p>Koppen-Geiger and Thornthwaite climatic classification for the metropolitan region of the Cariri, Cear\u00e1 (<a href=\"http:\/\/www.ead.codai.ufrpe.br\/index.php\/geama\/article\/view\/1500\" data-type=\"URL\" data-id=\"http:\/\/www.ead.codai.ufrpe.br\/index.php\/geama\/article\/view\/1500\">A<\/a><a href=\"http:\/\/www.ead.codai.ufrpe.br\/index.php\/geama\/article\/view\/1500\" data-type=\"URL\" data-id=\"http:\/\/www.ead.codai.ufrpe.br\/index.php\/geama\/article\/view\/1500\" target=\"_blank\" rel=\"noreferrer noopener\">cesso<\/a>)<\/p>\n\n\n\n<p>Estudio comparativo de los datos de precipitaci\u00f3n del sat\u00e9lite TRMM y postos pluviom\u00e9tricos en el estado del Cear\u00e1, Brasil  (<a rel=\"noreferrer noopener\" href=\"https:\/\/www.revistas.una.ac.cr\/index.php\/geografica\/article\/view\/11593\" data-type=\"URL\" data-id=\"https:\/\/www.revistas.una.ac.cr\/index.php\/geografica\/article\/view\/11593\" target=\"_blank\">Acesso<\/a>) <\/p>\n\n\n\n<p>Desenvolvimento de software para o manejo da irriga\u00e7\u00e3o utilizando a evapotranspira\u00e7\u00e3o da cultura  (<a rel=\"noreferrer noopener\" href=\"https:\/\/owl.tupa.unesp.br\/recodaf\/index.php\/recodaf\/article\/view\/132\" data-type=\"URL\" data-id=\"https:\/\/owl.tupa.unesp.br\/recodaf\/index.php\/recodaf\/article\/view\/132\" target=\"_blank\">Acesso<\/a>) <\/p>\n\n\n\n<p>Influ\u00eancia da Flona Araripe e da Altitude na varia\u00e7\u00e3o espa\u00e7o-temporal das chuvas no munic\u00edpio do Crato-CE (<a rel=\"noreferrer noopener\" href=\"https:\/\/sites.ufca.edu.br\/agrotempo\/wp-content\/uploads\/sites\/169\/2024\/02\/Artigo_FLONA_CBAgro2023.pdf\" target=\"_blank\">Acesso<\/a>)<\/p>\n\n\n\n<p>Estimativa da Evapotranspira\u00e7\u00e3o de refer\u00eancia em esta\u00e7\u00e3o autom\u00e1tica no munic\u00edpio do Crato-CE (<a rel=\"noreferrer noopener\" href=\"https:\/\/sites.ufca.edu.br\/agrotempo\/wp-content\/uploads\/sites\/169\/2024\/02\/Evapotranspiracao_CBAgro2023.pdf\" target=\"_blank\">Acesso<\/a>)<\/p>\n\n\n\n<p>Caracteriza\u00e7\u00e3o dos eventos de chuva em esta\u00e7\u00e3o autom\u00e1tica no munic\u00edpio do Crato-CE (<a rel=\"noreferrer noopener\" href=\"https:\/\/files.abrhidro.org.br\/Eventos\/Trabalhos\/191\/XXV-SBRH0224-1-0-20230711-195723.pdf\" target=\"_blank\">Acesso<\/a>)<\/p>\n\n\n\n<p>An\u00e1lise dos efeitos resultantes da altera\u00e7\u00e3o do uso e ocupa\u00e7\u00e3o do solo em microbacia no munic\u00edpio de Juazeiro no Norte, Cear\u00e1-Brasil (<a href=\"https:\/\/files.abrhidro.org.br\/Eventos\/Trabalhos\/191\/XXV-SBRH1189-1-20230618-222415.pdf\">Acesso<\/a>)<\/p>\n\n\n\n<p>An\u00e1lise de caracter\u00edsticas morfom\u00e9tricas da sub-bacia do Riacho do Machado em V\u00e1rzea Alegre-CE (<a href=\"https:\/\/files.abrhidro.org.br\/Eventos\/Trabalhos\/191\/XXV-SBRH1109-1-0-20230715-152046.pdf\">Acesso<\/a>)<\/p>\n\n\n\n<p>Avalia\u00e7\u00e3o de par\u00e2metros biof\u00edsicos (NDVI, IAF, e Alb\u00eado) no cultivo do algod\u00e3o (Gossipium Hirsutum L. R. Latifolium Hutch) no Sul cearense (<a href=\"https:\/\/sites.ufca.edu.br\/agrotempo\/wp-content\/uploads\/sites\/169\/2024\/03\/Artigos_Anais_CBAgro2023_Nilton.pdf\">Acesso<\/a>)<\/p>\n\n\n\n<p>Variabilidade espa\u00e7o-temporal da chuva, energia cin\u00e9tica e erosividade baseado em dados di\u00e1rios em regi\u00e3o semi\u00e1rida.(<a href=\"https:\/\/periodicos.ufpe.br\/revistas\/rbgfe\/article\/view\/264117\">Acesso<\/a>)<\/p>\n\n\n\n<p>Uncertainty in Kinetic Energy Models for Rainfall Erosivity Estimation in Semi-Arid Regions..(<a href=\"https:\/\/www.mdpi.com\/2306-5338\/12\/7\/181\">Acesso<\/a>)<\/p>\n","protected":false},"excerpt":{"rendered":"<p>Valida\u00e7\u00e3o estat\u00edstica dos dados clim\u00e1ticos dispon\u00edveis na plataforma Climate-Data.Org para o Estado do Cear\u00e1 (Acesso) Koppen-Geiger and Thornthwaite climatic classification for the metropolitan region of the Cariri, Cear\u00e1 (Acesso) Estudio comparativo de los datos de precipitaci\u00f3n del sat\u00e9lite TRMM y&#8230; <a class=\"more-link\" href=\"https:\/\/sites.ufca.edu.br\/agrotempo\/textos-tecnicos\/\">Continue Reading &rarr;<\/a><\/p>\n","protected":false},"author":206,"featured_media":0,"parent":0,"menu_order":0,"comment_status":"closed","ping_status":"closed","template":"","meta":[],"_links":{"self":[{"href":"https:\/\/sites.ufca.edu.br\/agrotempo\/wp-json\/wp\/v2\/pages\/54"}],"collection":[{"href":"https:\/\/sites.ufca.edu.br\/agrotempo\/wp-json\/wp\/v2\/pages"}],"about":[{"href":"https:\/\/sites.ufca.edu.br\/agrotempo\/wp-json\/wp\/v2\/types\/page"}],"author":[{"embeddable":true,"href":"https:\/\/sites.ufca.edu.br\/agrotempo\/wp-json\/wp\/v2\/users\/206"}],"replies":[{"embeddable":true,"href":"https:\/\/sites.ufca.edu.br\/agrotempo\/wp-json\/wp\/v2\/comments?post=54"}],"version-history":[{"count":29,"href":"https:\/\/sites.ufca.edu.br\/agrotempo\/wp-json\/wp\/v2\/pages\/54\/revisions"}],"predecessor-version":[{"id":1365,"href":"https:\/\/sites.ufca.edu.br\/agrotempo\/wp-json\/wp\/v2\/pages\/54\/revisions\/1365"}],"wp:attachment":[{"href":"https:\/\/sites.ufca.edu.br\/agrotempo\/wp-json\/wp\/v2\/media?parent=54"}],"curies":[{"name":"wp","href":"https:\/\/api.w.org\/{rel}","templated":true}]}}