{"id":447,"date":"2021-01-25T11:42:59","date_gmt":"2021-01-25T14:42:59","guid":{"rendered":"http:\/\/sites.ufca.edu.br\/computacao\/?page_id=447"},"modified":"2023-10-06T09:37:25","modified_gmt":"2023-10-06T12:37:25","slug":"inicio","status":"publish","type":"page","link":"https:\/\/sites.ufca.edu.br\/computacao\/","title":{"rendered":"Bem vindo o site do Curso de Ci\u00eancia da Computa\u00e7\u00e3o!"},"content":{"rendered":"\n<p>Voc\u00ea est\u00e1 na p\u00e1gina do curso de Ci\u00eancia da Computa\u00e7\u00e3o da UFCA. Acesse os <em>links<\/em> do menu superior para maiores informa\u00e7\u00f5es ou entre em contato pelas vias indicadas abaixo, no rodap\u00e9 da p\u00e1gina.<\/p>\n\n\n\n<div style=\"height:50px\" aria-hidden=\"true\" class=\"wp-block-spacer\"><\/div>\n\n\n\n<h2>\u00daltimas Not\u00edcias<\/h2>\n\n\n<ul class=\"wp-block-latest-posts__list wp-block-latest-posts\"><li><a class=\"wp-block-latest-posts__post-title\" href=\"https:\/\/sites.ufca.edu.br\/computacao\/primeiros-passos-no-curso-de-computacao\/\">Primeiros Passos no Curso de Computa\u00e7\u00e3o<\/a><\/li>\n<li><a class=\"wp-block-latest-posts__post-title\" href=\"https:\/\/sites.ufca.edu.br\/computacao\/projeto-de-extensao-abre-vaga-para-bolsista\/\">Inscri\u00e7\u00f5es para bolsa de extens\u00e3o at\u00e9 30\/09<\/a><\/li>\n<li><a class=\"wp-block-latest-posts__post-title\" href=\"https:\/\/sites.ufca.edu.br\/computacao\/chamada-de-inscricoes-para-bolsa-de-extensao\/\">Chamada de inscri\u00e7\u00f5es para bolsa de extens\u00e3o<\/a><\/li>\n<li><a class=\"wp-block-latest-posts__post-title\" href=\"https:\/\/sites.ufca.edu.br\/computacao\/resultado-final-pap2019\/\">Resultado final da sele\u00e7\u00e3o de bolsistas PAP 2019<\/a><\/li>\n<li><a class=\"wp-block-latest-posts__post-title\" href=\"https:\/\/sites.ufca.edu.br\/computacao\/inscricoes-abertas-para-selecao-de-bolsista-de-extensao\/\">Inscri\u00e7\u00f5es abertas para sele\u00e7\u00e3o de bolsista de extens\u00e3o<\/a><\/li>\n<\/ul>\n\n\n<p>Voc\u00ea pode conferir mais neste link <a href=\"https:\/\/sites.ufca.edu.br\/computacao\/noticias-2\/\" data-type=\"URL\" data-id=\"https:\/\/sites.ufca.edu.br\/computacao\/noticias-2\/\">todas as not\u00edcias<\/a><\/p>\n\n\n\n<div style=\"height:50px\" aria-hidden=\"true\" class=\"wp-block-spacer\"><\/div>\n\n\n\n<div class=\"wp-container-1 wp-block-group\"><div class=\"wp-block-group__inner-container\">\n<h2><strong>\u00c9 calouro\u00b9? Fa\u00e7a seu <a href=\"https:\/\/cadastro-email.ufca.edu.br\/\">e-mail institucional<\/a> e solicite acesso \u00e0 nossa <a href=\"https:\/\/groups.google.com\/u\/2\/a\/ufca.edu.br\/g\/dialogo.alunos.computacao\/\">lista de e-mails<\/a>. Assim, voc\u00ea se mantem informado.<\/strong><\/h2>\n\n\n\n<p>Voc\u00ea tamb\u00e9m pode ver mais em:<\/p>\n\n\n\n<figure class=\"wp-block-embed-wordpress wp-block-embed is-type-wp-embed is-provider-curso-de-ciencia-da-computacao\"><div class=\"wp-block-embed__wrapper\">\n<blockquote class=\"wp-embedded-content\" data-secret=\"e2LN9GbemL\"><a href=\"https:\/\/sites.ufca.edu.br\/computacao\/primeiros-passos-no-curso-de-computacao\/\">Primeiros Passos no Curso de Computa\u00e7\u00e3o<\/a><\/blockquote><iframe class=\"wp-embedded-content\" sandbox=\"allow-scripts\" security=\"restricted\" style=\"position: absolute; clip: rect(1px, 1px, 1px, 1px);\" title=\"&#8220;Primeiros Passos no Curso de Computa\u00e7\u00e3o&#8221; &#8212; Curso de Ci\u00eancia da Computa\u00e7\u00e3o\" src=\"https:\/\/sites.ufca.edu.br\/computacao\/primeiros-passos-no-curso-de-computacao\/embed\/#?secret=e2LN9GbemL\" data-secret=\"e2LN9GbemL\" width=\"500\" height=\"282\" frameborder=\"0\" marginwidth=\"0\" marginheight=\"0\" scrolling=\"no\"><\/iframe>\n<\/div><\/figure>\n\n\n\n<p>\u00b9 Estudante rec\u00e9m-chegado a uma institui\u00e7\u00e3o de ensino ou que ainda cursa o primeiro ano; indiv\u00edduo inexperiente ou ing\u00eanuo; Jon Snow.<\/p>\n\n\n\n<div style=\"height:50px\" aria-hidden=\"true\" class=\"wp-block-spacer\"><\/div>\n\n\n\n<p><\/p>\n<\/div><\/div>\n\n\n\n<div class=\"wp-container-2 wp-block-group\"><div class=\"wp-block-group__inner-container\">\n<h2>Datas importantes do semestre<\/h2>\n\n\n\n<p><strong>Datas Importantes (2023.1)<\/strong><\/p>\n\n\n\n<figure class=\"wp-block-table\"><table><tbody><tr><td>Evento<\/td><td>Per\u00edodo<\/td><\/tr><tr><td>Matr\u00edcula Regular (pelo aluno, no SIGAA)<\/td><td>28\/06\/23 ~ 02\/07\/23<\/td><\/tr><tr><td>Ajuste de Matr\u00edcula (pelo aluno, no SIGAA)<\/td><td>07\/07\/23 ~ 10\/07\/23<\/td><\/tr><tr><td>Matr\u00edcula em Tempo Real (pelo aluno, no SIGAA)<\/td><td>17\/07\/23 ~ 31\/07\/23<\/td><\/tr><tr><td>Trancamento Parcial (disciplinas, no SIGAA)<\/td><td>17\/07\/23 ~ 11\/09\/23<\/td><\/tr><tr><td>Trancamento Total (do per\u00edodo, na coordena\u00e7\u00e3o)<\/td><td>17\/07\/23 ~ 08\/10\/23<\/td><\/tr><tr><td>Per\u00edodo Letivo<\/td><td>17\/07\/23 ~ 04\/11\/23<\/td><\/tr><\/tbody><\/table><\/figure>\n\n\n\n<div style=\"height:50px\" aria-hidden=\"true\" class=\"wp-block-spacer\"><\/div>\n\n\n\n<h2>Link do PPC 2023.1<\/h2>\n\n\n\n<p>Segue abaixo o arquivo pdf com os de talhes do do PPC 2023.1<\/p>\n\n\n\n<div class=\"wp-block-file\"><a href=\"https:\/\/sites.ufca.edu.br\/computacao\/wp-content\/uploads\/sites\/116\/2023\/10\/PPC-CC-2023.pdf\">PPC-CC-2023<\/a><a href=\"https:\/\/sites.ufca.edu.br\/computacao\/wp-content\/uploads\/sites\/116\/2023\/10\/PPC-CC-2023.pdf\" class=\"wp-block-file__button\" download>Download<\/a><\/div>\n<\/div><\/div>\n\n\n\n<div class=\"wp-container-3 wp-block-group\"><div class=\"wp-block-group__inner-container\">\n<h2>Link para formul\u00e1rio de troca de PPC para veteranos.<\/h2>\n\n\n\n<p>Os veteranos que quiserem solicitar a troca para o novo PPC devem baixar este formul\u00e1rio e preenche-lo corretamente e enviar via e-mail para o e-mail da coordena\u00e7\u00e3o do curso <a href=\"mailto:computacao.cctufca.edu.br\" data-type=\"URL\" data-id=\"computacao.cctufca.edu.br\">computacao.cct@ufca.edu.br<\/a>. \u00c9 preciso baixar o arquivo preench\u00ea-lo e converter o arquivo em um documento do tipo PDF para isso voc\u00ea pode usar a ferramenta no link <a href=\"https:\/\/www.ilovepdf.com\/pt\">ilovepdf (clique para ver)<\/a><\/p>\n\n\n\n<div class=\"wp-block-file\"><a href=\"https:\/\/sites.ufca.edu.br\/computacao\/wp-content\/uploads\/sites\/116\/2023\/09\/REQUERIMENTO-GERAL-CC.docx\">REQUERIMENTO-GERAL-CC<\/a><a href=\"https:\/\/sites.ufca.edu.br\/computacao\/wp-content\/uploads\/sites\/116\/2023\/09\/REQUERIMENTO-GERAL-CC.docx\" class=\"wp-block-file__button\" download>Download<\/a><\/div>\n<\/div><\/div>\n\n\n\n<h2>Link para formul\u00e1rio de trancamento total do curso<\/h2>\n\n\n\n<p>Segue abaixo o link para solicita\u00e7\u00e3o de trancamento total do curso para \u00e0queles que desejam trancar sua matricula, \u00e9 preench\u00ea-lo e enviar por e-mail para o e-mail da coordena\u00e7\u00e3o do curso <a href=\"mailto:computacao.cctufca.edu.br\">computacao.cct@ufca.edu.br<\/a>.<\/p>\n\n\n\n<div class=\"wp-block-file\"><a href=\"https:\/\/sites.ufca.edu.br\/computacao\/wp-content\/uploads\/sites\/116\/2023\/09\/solicitacao-de-trancamento-total.docx\">solicitacao-de-trancamento-total<\/a><a href=\"https:\/\/sites.ufca.edu.br\/computacao\/wp-content\/uploads\/sites\/116\/2023\/09\/solicitacao-de-trancamento-total.docx\" class=\"wp-block-file__button\" download>Download<\/a><\/div>\n","protected":false},"excerpt":{"rendered":"<p>Voc\u00ea est\u00e1 na p\u00e1gina do curso de Ci\u00eancia da Computa\u00e7\u00e3o da UFCA. Acesse os links do menu superior para maiores informa\u00e7\u00f5es ou entre em contato pelas vias indicadas abaixo, no rodap\u00e9 da p\u00e1gina. \u00daltimas Not\u00edcias Voc\u00ea pode conferir mais neste link todas as not\u00edcias \u00c9 calouro\u00b9? Fa\u00e7a seu e-mail institucional e solicite acesso \u00e0 nossa [&hellip;]<\/p>\n","protected":false},"author":145,"featured_media":473,"parent":0,"menu_order":0,"comment_status":"closed","ping_status":"closed","template":"","meta":[],"_links":{"self":[{"href":"https:\/\/sites.ufca.edu.br\/computacao\/wp-json\/wp\/v2\/pages\/447"}],"collection":[{"href":"https:\/\/sites.ufca.edu.br\/computacao\/wp-json\/wp\/v2\/pages"}],"about":[{"href":"https:\/\/sites.ufca.edu.br\/computacao\/wp-json\/wp\/v2\/types\/page"}],"author":[{"embeddable":true,"href":"https:\/\/sites.ufca.edu.br\/computacao\/wp-json\/wp\/v2\/users\/145"}],"replies":[{"embeddable":true,"href":"https:\/\/sites.ufca.edu.br\/computacao\/wp-json\/wp\/v2\/comments?post=447"}],"version-history":[{"count":40,"href":"https:\/\/sites.ufca.edu.br\/computacao\/wp-json\/wp\/v2\/pages\/447\/revisions"}],"predecessor-version":[{"id":722,"href":"https:\/\/sites.ufca.edu.br\/computacao\/wp-json\/wp\/v2\/pages\/447\/revisions\/722"}],"wp:featuredmedia":[{"embeddable":true,"href":"https:\/\/sites.ufca.edu.br\/computacao\/wp-json\/wp\/v2\/media\/473"}],"wp:attachment":[{"href":"https:\/\/sites.ufca.edu.br\/computacao\/wp-json\/wp\/v2\/media?parent=447"}],"curies":[{"name":"wp","href":"https:\/\/api.w.org\/{rel}","templated":true}]}}