{"id":404,"date":"2021-12-07T13:18:00","date_gmt":"2021-12-07T16:18:00","guid":{"rendered":"https:\/\/sites.ufca.edu.br\/treinamento-sites\/?page_id=404"},"modified":"2021-12-07T13:18:39","modified_gmt":"2021-12-07T16:18:39","slug":"fundo","status":"publish","type":"page","link":"https:\/\/sites.ufca.edu.br\/treinamento-sites\/painel-administrativo\/fundo\/","title":{"rendered":"Fundo"},"content":{"rendered":"\n<p>\u00c9 poss\u00edvel adicionar uma imagem como plano de fundo do seu site.<\/p>\n\n\n\n<p>Para tal, a partir do Painel Administrativo, acesse Apar\u00eancia > Fundo.<\/p>\n\n\n\n<figure class=\"wp-block-image size-large\"><img loading=\"lazy\" width=\"370\" height=\"199\" src=\"https:\/\/sites.ufca.edu.br\/treinamento-sites\/wp-content\/uploads\/sites\/172\/2021\/12\/acessar-fundo-editado.png\" alt=\"\" class=\"wp-image-405\" srcset=\"https:\/\/sites.ufca.edu.br\/treinamento-sites\/wp-content\/uploads\/sites\/172\/2021\/12\/acessar-fundo-editado.png 370w, https:\/\/sites.ufca.edu.br\/treinamento-sites\/wp-content\/uploads\/sites\/172\/2021\/12\/acessar-fundo-editado-300x161.png 300w\" sizes=\"(max-width: 370px) 100vw, 370px\" \/><figcaption>Acessar fundo<\/figcaption><\/figure>\n\n\n\n<p>Ap\u00f3s clicar, o seu tema aparecer\u00e1 com um menu na lateral com a op\u00e7\u00e3o de adicionar um fundo.<\/p>\n\n\n\n<p>Veja um exemplo de como adicionar um imagem de fundo:<\/p>\n\n\n\n<figure class=\"wp-block-video\"><video controls src=\"https:\/\/sites.ufca.edu.br\/treinamento-sites\/wp-content\/uploads\/sites\/172\/2021\/12\/adicionar-fundo.webm\"><\/video><\/figure>\n\n\n\n<p><\/p>\n","protected":false},"excerpt":{"rendered":"<p>\u00c9 poss\u00edvel adicionar uma imagem como plano de fundo do seu site. Para tal, a partir do Painel Administrativo, acesse Apar\u00eancia > Fundo. Ap\u00f3s clicar, o seu tema aparecer\u00e1 com um menu na lateral com a op\u00e7\u00e3o de adicionar um&#8230; <a class=\"more-link\" href=\"https:\/\/sites.ufca.edu.br\/treinamento-sites\/painel-administrativo\/fundo\/\">Continue Reading &rarr;<\/a><\/p>\n","protected":false},"author":211,"featured_media":0,"parent":35,"menu_order":0,"comment_status":"closed","ping_status":"closed","template":"","meta":[],"_links":{"self":[{"href":"https:\/\/sites.ufca.edu.br\/treinamento-sites\/wp-json\/wp\/v2\/pages\/404"}],"collection":[{"href":"https:\/\/sites.ufca.edu.br\/treinamento-sites\/wp-json\/wp\/v2\/pages"}],"about":[{"href":"https:\/\/sites.ufca.edu.br\/treinamento-sites\/wp-json\/wp\/v2\/types\/page"}],"author":[{"embeddable":true,"href":"https:\/\/sites.ufca.edu.br\/treinamento-sites\/wp-json\/wp\/v2\/users\/211"}],"replies":[{"embeddable":true,"href":"https:\/\/sites.ufca.edu.br\/treinamento-sites\/wp-json\/wp\/v2\/comments?post=404"}],"version-history":[{"count":1,"href":"https:\/\/sites.ufca.edu.br\/treinamento-sites\/wp-json\/wp\/v2\/pages\/404\/revisions"}],"predecessor-version":[{"id":407,"href":"https:\/\/sites.ufca.edu.br\/treinamento-sites\/wp-json\/wp\/v2\/pages\/404\/revisions\/407"}],"up":[{"embeddable":true,"href":"https:\/\/sites.ufca.edu.br\/treinamento-sites\/wp-json\/wp\/v2\/pages\/35"}],"wp:attachment":[{"href":"https:\/\/sites.ufca.edu.br\/treinamento-sites\/wp-json\/wp\/v2\/media?parent=404"}],"curies":[{"name":"wp","href":"https:\/\/api.w.org\/{rel}","templated":true}]}}