{"id":642,"date":"2023-06-22T16:52:15","date_gmt":"2023-06-22T19:52:15","guid":{"rendered":"https:\/\/sites.ufca.edu.br\/treinamento-sites\/?page_id=642"},"modified":"2023-06-22T17:18:19","modified_gmt":"2023-06-22T20:18:19","slug":"procedimentos-para-solicitar-a-instalacao-de-plugins","status":"publish","type":"page","link":"https:\/\/sites.ufca.edu.br\/treinamento-sites\/procedimentos-para-solicitar-a-instalacao-de-plugins\/","title":{"rendered":"Procedimentos para solicitar a instala\u00e7\u00e3o de plugins"},"content":{"rendered":"\n<p class=\"has-white-color has-text-color has-background\" id=\"block-95a0a6f1-556c-49b9-b1eb-0093e2a77b0d\" style=\"background-color:#116ebf\"><strong>Justificativa, uso e atualiza\u00e7\u00e3o<\/strong><\/p>\n\n\n\n<p id=\"block-a4e959bc-ad45-40d7-82a9-319d72199f6c\">Cabe ao solicitante, ao abrir a solicita\u00e7\u00e3o:<\/p>\n\n\n\n<ul id=\"block-01624919-56c1-4658-a1d7-f17f457dd302\"><li>Justificar a utilidade e a relev\u00e2ncia do plugin, sendo desej\u00e1vel a apresenta\u00e7\u00e3o de breve comparativo entre plugins concorrentes, com mesma proposta e\/ou funcionalidades, esclarecendo os motivos que motivaram a escolha.<\/li><li>Verificar se as fun\u00e7\u00f5es desejadas n\u00e3o est\u00e3o presentes na plataforma de forma direta ou via solu\u00e7\u00e3o alternativa que dispensa a instala\u00e7\u00e3o do plugin.<\/li><li>Certificar-se de que o plugin est\u00e1 dispon\u00edvel no reposit\u00f3rio oficial do WordPress (wordpress.org\/plugins), e que cumpre os seguintes requisitos:<\/li><\/ul>\n\n\n\n<ol id=\"block-b46ef04b-f64e-4a38-a466-a5da5a52a563\"><li>Ser largamente utilizado pela comunidade WordPress, com grande n\u00famero de downloads e usu\u00e1rios;<\/li><li>Ter atualiza\u00e7\u00e3o peri\u00f3dica constante e recente por seus desenvolvedores;<\/li><li>Ter avalia\u00e7\u00e3o m\u00ednima de 4 estrelas.<\/li><\/ol>\n\n\n\n<ul id=\"block-50838955-c67e-4ab1-997a-b7ec2f42ee89\"><li>Certificar-se de que o plugin, suas funcionalidades e caracter\u00edsticas est\u00e3o de acordo com a legisla\u00e7\u00e3o e pol\u00edticas institucionais vigentes, sob risco de remo\u00e7\u00e3o, sem pr\u00e9vio aviso.<\/li><\/ul>\n\n\n\n<p class=\"has-white-color has-text-color has-background\" id=\"block-41ad81bd-5f3d-4092-a6b2-473c36aea4c0\" style=\"background-color:#116ebf\"><strong>An\u00e1lise de seguran\u00e7a e compatibilidade<\/strong><\/p>\n\n\n\n<ul id=\"block-66d906e2-6587-405c-b9ef-1e7fe5332528\"><li>Cabe \u00e0 DTI:<\/li><li>Vasculhar o hist\u00f3rico de vulnerabilidades do plugin, as corre\u00e7\u00f5es implementadas e, ainda, a exist\u00eancia de brechas de seguran\u00e7a expostas e latentes.<\/li><li>Investigar, por via automatizada ou manualmente, os arquivos e c\u00f3digos do plugin, no intuito de certificar sua seguran\u00e7a.<\/li><li>Verificar a compatibilidade do plugin com a vers\u00e3o do WordPress em produ\u00e7\u00e3o e demais plugins, temas e outros componentes.<\/li><li>Averiguar se as informa\u00e7\u00f5es fornecidas pelo solicitante est\u00e3o de acordo com os requisitos apresentados neste texto.<\/li><\/ul>\n\n\n\n<p class=\"has-white-color has-text-color has-background\" id=\"block-784b1965-794e-4291-bc1a-819eaf7f671e\" style=\"background-color:#116ebf\"><strong>Considera\u00e7\u00f5es Finais<\/strong><\/p>\n\n\n\n<p id=\"block-3e64f6f2-6e3c-43b7-9368-9f662c50dddc\">Salvo os casos que envolvem exig\u00eancias legais a serem satisfeitas pela ado\u00e7\u00e3o do plugin, \u00e9 essencial que as funcionalidades providas beneficiem tamb\u00e9m outros usu\u00e1rios da plataforma e\/ou que j\u00e1 tenham sido solicitadas anteriormente por outros membros da comunidade. Assim, todos os pedidos s\u00e3o registrados e dever\u00e3o ser priorizados de acordo com o hist\u00f3rico de solicita\u00e7\u00f5es e a disponibilidade da equipe da DTI. Devido ao procedimento citado no item 2.2., qu\u00e3o mais extenso e complexo for o plugin, mais tempo ser\u00e1 necess\u00e1rio para avali\u00e1-lo.<\/p>\n\n\n\n<p><\/p>\n\n\n\n<p><strong>Para realizar o procedimento de solicita\u00e7\u00e3o acesse o link abaixo:<\/strong><\/p>\n\n\n\n<p>[<a href=\"https:\/\/sites.ufca.edu.br\/treinamento-sites\/formulario-para-adicao-de-plugin-externo\/\">Formul\u00e1rio para solicita\u00e7\u00e3o de plugin externo<\/a>]<\/p>\n","protected":false},"excerpt":{"rendered":"<p>Justificativa, uso e atualiza\u00e7\u00e3o Cabe ao solicitante, ao abrir a solicita\u00e7\u00e3o: Justificar a utilidade e a relev\u00e2ncia do plugin, sendo desej\u00e1vel a apresenta\u00e7\u00e3o de breve comparativo entre plugins concorrentes, com mesma proposta e\/ou funcionalidades, esclarecendo os motivos que motivaram a&#8230; <a class=\"more-link\" href=\"https:\/\/sites.ufca.edu.br\/treinamento-sites\/procedimentos-para-solicitar-a-instalacao-de-plugins\/\">Continue Reading &rarr;<\/a><\/p>\n","protected":false},"author":244,"featured_media":0,"parent":0,"menu_order":0,"comment_status":"closed","ping_status":"closed","template":"","meta":[],"_links":{"self":[{"href":"https:\/\/sites.ufca.edu.br\/treinamento-sites\/wp-json\/wp\/v2\/pages\/642"}],"collection":[{"href":"https:\/\/sites.ufca.edu.br\/treinamento-sites\/wp-json\/wp\/v2\/pages"}],"about":[{"href":"https:\/\/sites.ufca.edu.br\/treinamento-sites\/wp-json\/wp\/v2\/types\/page"}],"author":[{"embeddable":true,"href":"https:\/\/sites.ufca.edu.br\/treinamento-sites\/wp-json\/wp\/v2\/users\/244"}],"replies":[{"embeddable":true,"href":"https:\/\/sites.ufca.edu.br\/treinamento-sites\/wp-json\/wp\/v2\/comments?post=642"}],"version-history":[{"count":2,"href":"https:\/\/sites.ufca.edu.br\/treinamento-sites\/wp-json\/wp\/v2\/pages\/642\/revisions"}],"predecessor-version":[{"id":652,"href":"https:\/\/sites.ufca.edu.br\/treinamento-sites\/wp-json\/wp\/v2\/pages\/642\/revisions\/652"}],"wp:attachment":[{"href":"https:\/\/sites.ufca.edu.br\/treinamento-sites\/wp-json\/wp\/v2\/media?parent=642"}],"curies":[{"name":"wp","href":"https:\/\/api.w.org\/{rel}","templated":true}]}}