{"id":68,"date":"2021-11-25T14:01:37","date_gmt":"2021-11-25T17:01:37","guid":{"rendered":"https:\/\/sites.ufca.edu.br\/treinamento-sites\/?page_id=68"},"modified":"2023-06-22T15:08:13","modified_gmt":"2023-06-22T18:08:13","slug":"contato","status":"publish","type":"page","link":"https:\/\/sites.ufca.edu.br\/treinamento-sites\/contato\/","title":{"rendered":"Contato"},"content":{"rendered":"\n<p class=\"has-black-color has-text-color has-normal-font-size\">Este site \u00e9 mantido pelos estagi\u00e1rios da<strong> DTI-UFCA<\/strong>. Cr\u00edticas, elogios e sugest\u00f5es podem ser enviadas diretamente aos mantedores atuais: <\/p>\n\n\n\n<p><\/p>\n\n\n\n<div class=\"wp-container-2 wp-block-group\"><div class=\"wp-block-group__inner-container\">\n<div class=\"wp-container-1 wp-block-group\"><div class=\"wp-block-group__inner-container\">\n<ul><li><strong>Jo\u00e3o Eduardo <\/strong>\/ joao.eduardo@estagiario.ufca.edu.br<\/li><li><strong>Emesson dos Santos<\/strong> \/ emesson.cavalcante@estagiario.ufca.edu.br<\/li><\/ul>\n<\/div><\/div>\n<\/div><\/div>\n","protected":false},"excerpt":{"rendered":"<p>Este site \u00e9 mantido pelos estagi\u00e1rios da DTI-UFCA. Cr\u00edticas, elogios e sugest\u00f5es podem ser enviadas diretamente aos mantedores atuais: Jo\u00e3o Eduardo \/ joao.eduardo@estagiario.ufca.edu.br Emesson dos Santos \/ emesson.cavalcante@estagiario.ufca.edu.br<\/p>\n","protected":false},"author":213,"featured_media":0,"parent":0,"menu_order":0,"comment_status":"closed","ping_status":"closed","template":"","meta":[],"_links":{"self":[{"href":"https:\/\/sites.ufca.edu.br\/treinamento-sites\/wp-json\/wp\/v2\/pages\/68"}],"collection":[{"href":"https:\/\/sites.ufca.edu.br\/treinamento-sites\/wp-json\/wp\/v2\/pages"}],"about":[{"href":"https:\/\/sites.ufca.edu.br\/treinamento-sites\/wp-json\/wp\/v2\/types\/page"}],"author":[{"embeddable":true,"href":"https:\/\/sites.ufca.edu.br\/treinamento-sites\/wp-json\/wp\/v2\/users\/213"}],"replies":[{"embeddable":true,"href":"https:\/\/sites.ufca.edu.br\/treinamento-sites\/wp-json\/wp\/v2\/comments?post=68"}],"version-history":[{"count":5,"href":"https:\/\/sites.ufca.edu.br\/treinamento-sites\/wp-json\/wp\/v2\/pages\/68\/revisions"}],"predecessor-version":[{"id":436,"href":"https:\/\/sites.ufca.edu.br\/treinamento-sites\/wp-json\/wp\/v2\/pages\/68\/revisions\/436"}],"wp:attachment":[{"href":"https:\/\/sites.ufca.edu.br\/treinamento-sites\/wp-json\/wp\/v2\/media?parent=68"}],"curies":[{"name":"wp","href":"https:\/\/api.w.org\/{rel}","templated":true}]}}